{"id":1453,"date":"2020-12-30T11:12:41","date_gmt":"2020-12-30T11:12:41","guid":{"rendered":"https:\/\/parway.com.py\/cargo\/\/?page_id=1453"},"modified":"2023-06-23T19:20:06","modified_gmt":"2023-06-23T22:20:06","slug":"contacts","status":"publish","type":"page","link":"https:\/\/parway.com.py\/cargo\/contacts\/","title":{"rendered":"Contactos"},"content":{"rendered":"\t\t<div data-elementor-type=\"wp-page\" data-elementor-id=\"1453\" class=\"elementor elementor-1453\">\n\t\t\t\t\t\t<section class=\"elementor-section elementor-top-section elementor-element elementor-element-ca2bda8 elementor-section-boxed elementor-section-height-default elementor-section-height-default sc_fly_static\" data-id=\"ca2bda8\" data-element_type=\"section\">\n\t\t\t\t\t\t<div class=\"elementor-container elementor-column-gap-extended\">\n\t\t\t\t\t<div class=\"elementor-column elementor-col-100 elementor-top-column elementor-element elementor-element-5f6012f sc_inner_width_none sc_content_align_inherit sc_layouts_column_icons_position_left sc_fly_static\" data-id=\"5f6012f\" data-element_type=\"column\">\n\t\t\t<div class=\"elementor-widget-wrap elementor-element-populated\">\n\t\t\t\t\t\t\t<\/div>\n\t\t<\/div>\n\t\t\t\t\t<\/div>\n\t\t<\/section>\n\t\t\t\t<section class=\"elementor-section elementor-top-section elementor-element elementor-element-40c4cb4 elementor-section-boxed elementor-section-height-default elementor-section-height-default sc_fly_static\" data-id=\"40c4cb4\" data-element_type=\"section\">\n\t\t\t\t\t\t<div class=\"elementor-container elementor-column-gap-extended\">\n\t\t\t\t\t<div class=\"elementor-column elementor-col-100 elementor-top-column elementor-element elementor-element-2275dac sc_inner_width_none sc_content_align_inherit sc_layouts_column_icons_position_left sc_fly_static\" data-id=\"2275dac\" data-element_type=\"column\">\n\t\t\t<div class=\"elementor-widget-wrap elementor-element-populated\">\n\t\t\t\t\t\t<div class=\"elementor-element elementor-element-6f70f95f animation_type_sequental sc_fly_static elementor-invisible elementor-widget elementor-widget-trx_sc_icons\" data-id=\"6f70f95f\" data-element_type=\"widget\" data-settings=\"{&quot;_animation&quot;:&quot;qwery-fadeinup&quot;,&quot;_animation_delay&quot;:100}\" data-widget_type=\"trx_sc_icons.default\">\n\t\t\t\t<div class=\"elementor-widget-container\">\n\t\t\t\t\t<div \tclass=\"sc_icons sc_icons_plain sc_icons_size_small sc_align_center\" ><div class=\"sc_icons_columns_wrap sc_item_columns trx_addons_columns_wrap columns_padding_bottom columns_in_single_row\" ><div class=\"trx_addons_column-1_3\"><div class=\"sc_icons_item\"><div class=\"sc_icons_image\" ><img decoding=\"async\" src=\"\/\/parway.com.py\/cargo\/\/wp-content\/uploads\/2021\/11\/wall-clock.svg\" alt=\"Icon\"><\/div><div class=\"sc_icons_item_details\"><h4 class=\"sc_icons_item_title\"><span>Horario de Atenci\u00f3n<\/span><\/h4><div class=\"sc_icons_item_description\"><span>Lunes a Viernes : 08:00 AM a 18:30 PM<\/span><span>S\u00e1bados: 09:00 AM a 12:00 PM<\/span><span>Domingos: Cerrado<\/span><\/div><\/div><\/div><\/div><div class=\"trx_addons_column-1_3\"><div class=\"sc_icons_item sc_icons_item_linked with_more\"><div class=\"sc_icons_image\" ><img decoding=\"async\" src=\"\/\/parway.com.py\/cargo\/\/wp-content\/uploads\/2021\/11\/map.svg\" alt=\"Icon\"><\/div><div class=\"sc_icons_item_details\"><h4 class=\"sc_icons_item_title\"><a href=\"https:\/\/goo.gl\/maps\/UvEFt1Sw6sREnLLd8\">\r\n                                    Direcci\u00f3n                                    <\/a><\/h4><div class=\"sc_icons_item_description\"><span>Casa Central - Asunci\u00f3n.<\/span><span>Avda. Brasilia 285 c\/ Cap. Brizuela<\/span><span><\/span><span><\/span><\/div><a href=\"https:\/\/goo.gl\/maps\/UvEFt1Sw6sREnLLd8\" class=\"sc_icons_item_more_link\">\r\n                        <span class=\"link_text\">Abrir Localizaci\u00f3n<\/span><span class=\"link_icon\"><\/span>\r\n                        <\/a><a href=\"https:\/\/goo.gl\/maps\/UvEFt1Sw6sREnLLd8\"\r\n                        class=\"sc_icons_item_link\">\r\n                        <\/a><\/div><\/div><\/div><div class=\"trx_addons_column-1_3\"><div class=\"sc_icons_item sc_icons_item_linked with_more\"><div class=\"sc_icons_image\" ><img decoding=\"async\" src=\"\/\/parway.com.py\/cargo\/\/wp-content\/uploads\/2021\/11\/telephone.svg\" alt=\"Icon\"><\/div><div class=\"sc_icons_item_details\"><h4 class=\"sc_icons_item_title\"><a href=\"#contact-form\">\r\n                                    Comunicate con nosotros.                                    <\/a><\/h4><div class=\"sc_icons_item_description\"><span><\/span><span>V\u00eda WhatsApp:<\/span><span>+595986 363 004<\/span><span>+595983 997 906<\/span><span>+595976 266 079<\/span><\/div><a href=\"#contact-form\" class=\"sc_icons_item_more_link\">\r\n                        <span class=\"link_text\">Contactos <\/span><span class=\"link_icon\"><\/span>\r\n                        <\/a><a href=\"#contact-form\"\r\n                        class=\"sc_icons_item_link\">\r\n                        <\/a><\/div><\/div><\/div><\/div><\/div><!-- \/.sc_icons -->\t\t\t\t<\/div>\n\t\t\t\t<\/div>\n\t\t\t\t<div class=\"elementor-element elementor-element-f57cb6d sc_fly_static elementor-widget elementor-widget-spacer\" data-id=\"f57cb6d\" data-element_type=\"widget\" data-widget_type=\"spacer.default\">\n\t\t\t\t<div class=\"elementor-widget-container\">\n\t\t\t\t\t\t\t<div class=\"elementor-spacer\">\n\t\t\t<div class=\"elementor-spacer-inner\"><\/div>\n\t\t<\/div>\n\t\t\t\t\t\t<\/div>\n\t\t\t\t<\/div>\n\t\t\t\t\t<\/div>\n\t\t<\/div>\n\t\t\t\t\t<\/div>\n\t\t<\/section>\n\t\t\t\t<section class=\"elementor-section elementor-top-section elementor-element elementor-element-d1e5aab elementor-section-boxed elementor-section-height-default elementor-section-height-default sc_fly_static\" data-id=\"d1e5aab\" data-element_type=\"section\">\n\t\t\t\t\t\t<div class=\"elementor-container elementor-column-gap-extended\">\n\t\t\t\t\t<div class=\"elementor-column elementor-col-100 elementor-top-column elementor-element elementor-element-3c71914 sc_inner_width_none sc_content_align_inherit sc_layouts_column_icons_position_left sc_fly_static\" data-id=\"3c71914\" data-element_type=\"column\">\n\t\t\t<div class=\"elementor-widget-wrap elementor-element-populated\">\n\t\t\t\t\t\t<div class=\"elementor-element elementor-element-b2b920a sc_fly_static elementor-widget elementor-widget-heading\" data-id=\"b2b920a\" data-element_type=\"widget\" data-widget_type=\"heading.default\">\n\t\t\t\t<div class=\"elementor-widget-container\">\n\t\t\t\t\t<h2 class=\"elementor-heading-title elementor-size-default\">DISFRUTA COMPRANDO ONLINE.<\/h2>\t\t\t\t<\/div>\n\t\t\t\t<\/div>\n\t\t\t\t\t<\/div>\n\t\t<\/div>\n\t\t\t\t\t<\/div>\n\t\t<\/section>\n\t\t\t\t<section class=\"elementor-section elementor-top-section elementor-element elementor-element-dbc9e7f elementor-section-boxed elementor-section-height-default elementor-section-height-default sc_fly_static\" data-id=\"dbc9e7f\" data-element_type=\"section\">\n\t\t\t\t\t\t<div class=\"elementor-container elementor-column-gap-extended\">\n\t\t\t\t\t<div class=\"elementor-column elementor-col-100 elementor-top-column elementor-element elementor-element-dc70b0e sc_inner_width_none sc_content_align_inherit sc_layouts_column_icons_position_left sc_fly_static\" data-id=\"dc70b0e\" data-element_type=\"column\">\n\t\t\t<div class=\"elementor-widget-wrap elementor-element-populated\">\n\t\t\t\t\t\t<div class=\"elementor-element elementor-element-9747a51 sc_fly_static elementor-widget elementor-widget-spacer\" data-id=\"9747a51\" data-element_type=\"widget\" data-widget_type=\"spacer.default\">\n\t\t\t\t<div class=\"elementor-widget-container\">\n\t\t\t\t\t\t\t<div class=\"elementor-spacer\">\n\t\t\t<div class=\"elementor-spacer-inner\"><\/div>\n\t\t<\/div>\n\t\t\t\t\t\t<\/div>\n\t\t\t\t<\/div>\n\t\t\t\t<div class=\"elementor-element elementor-element-15fd863 sc_fly_static elementor-widget elementor-widget-image\" data-id=\"15fd863\" data-element_type=\"widget\" data-widget_type=\"image.default\">\n\t\t\t\t<div class=\"elementor-widget-container\">\n\t\t\t\t\t\t\t\t\t\t\t\t\t\t\t<img fetchpriority=\"high\" decoding=\"async\" width=\"1024\" height=\"576\" src=\"https:\/\/parway.com.py\/cargo\/wp-content\/uploads\/2023\/06\/2-1024x576.png\" class=\"attachment-large size-large wp-image-25836\" alt=\"\" srcset=\"https:\/\/parway.com.py\/cargo\/wp-content\/uploads\/2023\/06\/2-1024x576.png 1024w, https:\/\/parway.com.py\/cargo\/wp-content\/uploads\/2023\/06\/2-300x169.png 300w, https:\/\/parway.com.py\/cargo\/wp-content\/uploads\/2023\/06\/2-768x432.png 768w, https:\/\/parway.com.py\/cargo\/wp-content\/uploads\/2023\/06\/2-370x208.png 370w, https:\/\/parway.com.py\/cargo\/wp-content\/uploads\/2023\/06\/2-1290x725.png 1290w, https:\/\/parway.com.py\/cargo\/wp-content\/uploads\/2023\/06\/2-840x472.png 840w, https:\/\/parway.com.py\/cargo\/wp-content\/uploads\/2023\/06\/2-410x231.png 410w, https:\/\/parway.com.py\/cargo\/wp-content\/uploads\/2023\/06\/2-270x152.png 270w, https:\/\/parway.com.py\/cargo\/wp-content\/uploads\/2023\/06\/2.png 1366w\" sizes=\"(max-width: 1024px) 100vw, 1024px\" \/>\t\t\t\t\t\t\t\t\t\t\t\t\t\t\t<\/div>\n\t\t\t\t<\/div>\n\t\t\t\t\t<\/div>\n\t\t<\/div>\n\t\t\t\t\t<\/div>\n\t\t<\/section>\n\t\t\t\t<section class=\"elementor-section elementor-top-section elementor-element elementor-element-d13b240 elementor-section-boxed elementor-section-height-default elementor-section-height-default sc_fly_static\" data-id=\"d13b240\" data-element_type=\"section\">\n\t\t\t\t\t\t<div class=\"elementor-container elementor-column-gap-extended\">\n\t\t\t\t\t<div class=\"elementor-column elementor-col-100 elementor-top-column elementor-element elementor-element-768f506 sc_inner_width_none sc_content_align_inherit sc_layouts_column_icons_position_left sc_fly_static\" data-id=\"768f506\" data-element_type=\"column\">\n\t\t\t<div class=\"elementor-widget-wrap elementor-element-populated\">\n\t\t\t\t\t\t\t<\/div>\n\t\t<\/div>\n\t\t\t\t\t<\/div>\n\t\t<\/section>\n\t\t\t\t<\/div>\n\t\t","protected":false},"excerpt":{"rendered":"<p>Horario de Atenci\u00f3n Lunes a Viernes : 08:00 AM a 18:30 PMS\u00e1bados: 09:00 AM a 12:00 PMDomingos: Cerrado Direcci\u00f3n Casa Central &#8211; Asunci\u00f3n.Avda. Brasilia 285 c\/ Cap. Brizuela Abrir Localizaci\u00f3n&hellip;<\/p>\n","protected":false},"author":1,"featured_media":0,"parent":0,"menu_order":0,"comment_status":"closed","ping_status":"closed","template":"","meta":{"footnotes":""},"class_list":["post-1453","page","type-page","status-publish","hentry"],"_links":{"self":[{"href":"https:\/\/parway.com.py\/cargo\/wp-json\/wp\/v2\/pages\/1453","targetHints":{"allow":["GET"]}}],"collection":[{"href":"https:\/\/parway.com.py\/cargo\/wp-json\/wp\/v2\/pages"}],"about":[{"href":"https:\/\/parway.com.py\/cargo\/wp-json\/wp\/v2\/types\/page"}],"author":[{"embeddable":true,"href":"https:\/\/parway.com.py\/cargo\/wp-json\/wp\/v2\/users\/1"}],"replies":[{"embeddable":true,"href":"https:\/\/parway.com.py\/cargo\/wp-json\/wp\/v2\/comments?post=1453"}],"version-history":[{"count":43,"href":"https:\/\/parway.com.py\/cargo\/wp-json\/wp\/v2\/pages\/1453\/revisions"}],"predecessor-version":[{"id":25846,"href":"https:\/\/parway.com.py\/cargo\/wp-json\/wp\/v2\/pages\/1453\/revisions\/25846"}],"wp:attachment":[{"href":"https:\/\/parway.com.py\/cargo\/wp-json\/wp\/v2\/media?parent=1453"}],"curies":[{"name":"wp","href":"https:\/\/api.w.org\/{rel}","templated":true}]}}