{"id":25848,"date":"2023-06-26T17:33:13","date_gmt":"2023-06-26T20:33:13","guid":{"rendered":"https:\/\/parway.com.py\/cargo\/?page_id=25848"},"modified":"2026-01-28T13:48:12","modified_gmt":"2026-01-28T16:48:12","slug":"direcciones-de-envios","status":"publish","type":"page","link":"https:\/\/parway.com.py\/cargo\/direcciones-de-envios\/","title":{"rendered":"Direcciones de Envios"},"content":{"rendered":"\t\t<div data-elementor-type=\"wp-page\" data-elementor-id=\"25848\" class=\"elementor elementor-25848\">\n\t\t\t\t\t\t<section class=\"elementor-section elementor-top-section elementor-element elementor-element-15805b3 elementor-section-boxed elementor-section-height-default elementor-section-height-default sc_fly_static\" data-id=\"15805b3\" data-element_type=\"section\">\n\t\t\t\t\t\t<div class=\"elementor-container elementor-column-gap-extended\">\n\t\t\t\t\t<div class=\"elementor-column elementor-col-33 elementor-top-column elementor-element elementor-element-8fe31d4 sc_inner_width_none sc_content_align_inherit sc_layouts_column_icons_position_left sc_fly_static\" data-id=\"8fe31d4\" data-element_type=\"column\">\n\t\t\t<div class=\"elementor-widget-wrap elementor-element-populated\">\n\t\t\t\t\t\t<div class=\"elementor-element elementor-element-226104c sc_fly_static elementor-widget elementor-widget-image\" data-id=\"226104c\" data-element_type=\"widget\" data-widget_type=\"image.default\">\n\t\t\t\t<div class=\"elementor-widget-container\">\n\t\t\t\t\t\t\t\t\t\t\t\t\t\t\t<img fetchpriority=\"high\" decoding=\"async\" width=\"1024\" height=\"576\" src=\"https:\/\/parway.com.py\/cargo\/wp-content\/uploads\/2023\/06\/OFICINA-USA-1024x576.png\" class=\"attachment-large size-large wp-image-25852\" alt=\"\" srcset=\"https:\/\/parway.com.py\/cargo\/wp-content\/uploads\/2023\/06\/OFICINA-USA-1024x576.png 1024w, https:\/\/parway.com.py\/cargo\/wp-content\/uploads\/2023\/06\/OFICINA-USA-300x169.png 300w, https:\/\/parway.com.py\/cargo\/wp-content\/uploads\/2023\/06\/OFICINA-USA-768x432.png 768w, https:\/\/parway.com.py\/cargo\/wp-content\/uploads\/2023\/06\/OFICINA-USA-370x208.png 370w, https:\/\/parway.com.py\/cargo\/wp-content\/uploads\/2023\/06\/OFICINA-USA-1290x725.png 1290w, https:\/\/parway.com.py\/cargo\/wp-content\/uploads\/2023\/06\/OFICINA-USA-840x472.png 840w, https:\/\/parway.com.py\/cargo\/wp-content\/uploads\/2023\/06\/OFICINA-USA-410x231.png 410w, https:\/\/parway.com.py\/cargo\/wp-content\/uploads\/2023\/06\/OFICINA-USA-270x152.png 270w, https:\/\/parway.com.py\/cargo\/wp-content\/uploads\/2023\/06\/OFICINA-USA.png 1366w\" sizes=\"(max-width: 1024px) 100vw, 1024px\" \/>\t\t\t\t\t\t\t\t\t\t\t\t\t\t\t<\/div>\n\t\t\t\t<\/div>\n\t\t\t\t<div class=\"elementor-element elementor-element-724b795 sc_fly_static elementor-widget elementor-widget-text-editor\" data-id=\"724b795\" data-element_type=\"widget\" data-widget_type=\"text-editor.default\">\n\t\t\t\t<div class=\"elementor-widget-container\">\n\t\t\t\t\t\t\t\t\t<div class=\"field field--name-field-office-address field--type-string field--label-inline quickedit-field\" data-quickedit-field-id=\"node\/59\/field_office_address\/es\/full\">\n<p>&#8211; <span style=\"text-decoration: underline;\"><strong>Direcci\u00f3n<\/strong><\/span>: 8423 NW 74Th Street<br>(Indica siempre tu numero de casilla)<br>&#8211; <span style=\"text-decoration: underline;\"><strong>C\u00f3digo posta<\/strong><\/span>l: 33195<br>&#8211; <span style=\"text-decoration: underline;\"><strong>Pais:<\/strong><\/span> Estados Unidos<br>&#8211; <span style=\"text-decoration: underline;\"><strong>Ciudad:<\/strong><\/span> DORAL (Algunos sitios toman la ciudad como MIAMI)<br>&#8211; <strong><span style=\"text-decoration: underline;\">Estado<\/span><\/strong>: FLORIDA<br>&#8211; <strong><span style=\"text-decoration: underline;\">Tel\u00e9fono<\/span><\/strong>: +1 786 3178349<br>(mensajes solo por Whatsapp \/ messages only by WhatsApp)<br>&#8211; <span style=\"text-decoration: underline;\"><strong>Horario de recepci\u00f3n<\/strong><\/span>: Lun a Vie de 8:00hs a 17:00hs.<\/p>\n<\/div>\n<div class=\"field field--name-field-office-desciption field--type-text field--label-hidden field--item quickedit-field\" data-quickedit-field-id=\"node\/59\/field_office_desciption\/es\/full\">**Para env\u00edos mar\u00edtimos colocar MAR al final del nro. de casilla<\/div>\t\t\t\t\t\t\t\t<\/div>\n\t\t\t\t<\/div>\n\t\t\t\t\t<\/div>\n\t\t<\/div>\n\t\t\t\t<div class=\"elementor-column elementor-col-33 elementor-top-column elementor-element elementor-element-765bd94 sc_inner_width_none sc_content_align_inherit sc_layouts_column_icons_position_left sc_fly_static\" data-id=\"765bd94\" data-element_type=\"column\">\n\t\t\t<div class=\"elementor-widget-wrap elementor-element-populated\">\n\t\t\t\t\t\t<div class=\"elementor-element elementor-element-2d16c6b sc_fly_static elementor-widget elementor-widget-image\" data-id=\"2d16c6b\" data-element_type=\"widget\" data-widget_type=\"image.default\">\n\t\t\t\t<div class=\"elementor-widget-container\">\n\t\t\t\t\t\t\t\t\t\t\t\t\t\t\t<img decoding=\"async\" width=\"1024\" height=\"576\" src=\"https:\/\/parway.com.py\/cargo\/wp-content\/uploads\/2023\/06\/OFICINA-USA-1-1024x576.png\" class=\"attachment-large size-large wp-image-25854\" alt=\"\" srcset=\"https:\/\/parway.com.py\/cargo\/wp-content\/uploads\/2023\/06\/OFICINA-USA-1-1024x576.png 1024w, https:\/\/parway.com.py\/cargo\/wp-content\/uploads\/2023\/06\/OFICINA-USA-1-300x169.png 300w, https:\/\/parway.com.py\/cargo\/wp-content\/uploads\/2023\/06\/OFICINA-USA-1-768x432.png 768w, https:\/\/parway.com.py\/cargo\/wp-content\/uploads\/2023\/06\/OFICINA-USA-1-370x208.png 370w, https:\/\/parway.com.py\/cargo\/wp-content\/uploads\/2023\/06\/OFICINA-USA-1-1290x725.png 1290w, https:\/\/parway.com.py\/cargo\/wp-content\/uploads\/2023\/06\/OFICINA-USA-1-840x472.png 840w, https:\/\/parway.com.py\/cargo\/wp-content\/uploads\/2023\/06\/OFICINA-USA-1-410x231.png 410w, https:\/\/parway.com.py\/cargo\/wp-content\/uploads\/2023\/06\/OFICINA-USA-1-270x152.png 270w, https:\/\/parway.com.py\/cargo\/wp-content\/uploads\/2023\/06\/OFICINA-USA-1.png 1366w\" sizes=\"(max-width: 1024px) 100vw, 1024px\" \/>\t\t\t\t\t\t\t\t\t\t\t\t\t\t\t<\/div>\n\t\t\t\t<\/div>\n\t\t\t\t<div class=\"elementor-element elementor-element-a1330e9 sc_fly_static elementor-widget elementor-widget-text-editor\" data-id=\"a1330e9\" data-element_type=\"widget\" data-widget_type=\"text-editor.default\">\n\t\t\t\t<div class=\"elementor-widget-container\">\n\t\t\t\t\t\t\t\t\t<div class=\"field field--name-field-office-address field--type-string field--label-inline quickedit-field\" data-quickedit-field-id=\"node\/59\/field_office_address\/es\/full\"><p>&#8211; <span style=\"text-decoration: underline;\"><strong>Direcci\u00f3n<\/strong><\/span>: Calle Esteban Salazar Chapela 20, Port\u00f3n 5, Nave 87. Pol\u00edgono industrial Guadalhorce.<br \/>&#8211; <span style=\"text-decoration: underline;\"><strong>C\u00f3digo posta<\/strong><\/span>l: 29004<br \/>&#8211; <span style=\"text-decoration: underline;\"><strong>Pais:<\/strong><\/span> Espa\u00f1a<br \/>&#8211; <span style=\"text-decoration: underline;\"><strong>Ciudad:<\/strong><\/span> M\u00e1laga<br \/>&#8211; <strong><span style=\"text-decoration: underline;\">Estado<\/span><\/strong>: M\u00e1laga<br \/>&#8211; <span style=\"text-decoration: underline;\"><strong>Horario de recepci\u00f3n<\/strong><\/span>: <br \/>Lunes a viernes de 10:00 a 17:00hs.<br \/>&#8211; <span style=\"text-decoration: underline;\"><strong>Tel\u00e9fono<\/strong><\/span>: +34643064416<\/p><\/div><div class=\"field field--name-field-office-desciption field--type-text field--label-hidden field--item quickedit-field\" data-quickedit-field-id=\"node\/59\/field_office_desciption\/es\/full\">**Para env\u00edos mar\u00edtimos <strong>Colocar siempre N\u00b0 de casilla con la palabra MAR<\/strong><\/div>\t\t\t\t\t\t\t\t<\/div>\n\t\t\t\t<\/div>\n\t\t\t\t\t<\/div>\n\t\t<\/div>\n\t\t\t\t<div class=\"elementor-column elementor-col-33 elementor-top-column elementor-element elementor-element-4a3374f sc_inner_width_none sc_content_align_inherit sc_layouts_column_icons_position_left sc_fly_static\" data-id=\"4a3374f\" data-element_type=\"column\">\n\t\t\t<div class=\"elementor-widget-wrap elementor-element-populated\">\n\t\t\t\t\t\t<div class=\"elementor-element elementor-element-2fc09d7 sc_fly_static elementor-widget elementor-widget-image\" data-id=\"2fc09d7\" data-element_type=\"widget\" data-widget_type=\"image.default\">\n\t\t\t\t<div class=\"elementor-widget-container\">\n\t\t\t\t\t\t\t\t\t\t\t\t\t\t\t<img decoding=\"async\" width=\"1024\" height=\"576\" src=\"https:\/\/parway.com.py\/cargo\/wp-content\/uploads\/2023\/07\/OFICINA-USA-2-1024x576.png\" class=\"attachment-large size-large wp-image-25859\" alt=\"\" srcset=\"https:\/\/parway.com.py\/cargo\/wp-content\/uploads\/2023\/07\/OFICINA-USA-2-1024x576.png 1024w, https:\/\/parway.com.py\/cargo\/wp-content\/uploads\/2023\/07\/OFICINA-USA-2-300x169.png 300w, https:\/\/parway.com.py\/cargo\/wp-content\/uploads\/2023\/07\/OFICINA-USA-2-768x432.png 768w, https:\/\/parway.com.py\/cargo\/wp-content\/uploads\/2023\/07\/OFICINA-USA-2-370x208.png 370w, https:\/\/parway.com.py\/cargo\/wp-content\/uploads\/2023\/07\/OFICINA-USA-2-1290x725.png 1290w, https:\/\/parway.com.py\/cargo\/wp-content\/uploads\/2023\/07\/OFICINA-USA-2-840x472.png 840w, https:\/\/parway.com.py\/cargo\/wp-content\/uploads\/2023\/07\/OFICINA-USA-2-410x231.png 410w, https:\/\/parway.com.py\/cargo\/wp-content\/uploads\/2023\/07\/OFICINA-USA-2-270x152.png 270w, https:\/\/parway.com.py\/cargo\/wp-content\/uploads\/2023\/07\/OFICINA-USA-2.png 1366w\" sizes=\"(max-width: 1024px) 100vw, 1024px\" \/>\t\t\t\t\t\t\t\t\t\t\t\t\t\t\t<\/div>\n\t\t\t\t<\/div>\n\t\t\t\t<div class=\"elementor-element elementor-element-eaea91f sc_fly_static elementor-widget elementor-widget-text-editor\" data-id=\"eaea91f\" data-element_type=\"widget\" data-widget_type=\"text-editor.default\">\n\t\t\t\t<div class=\"elementor-widget-container\">\n\t\t\t\t\t\t\t\t\t<div data-quickedit-field-id=\"node\/59\/field_office_address\/es\/full\"><p>&#8211; <span style=\"text-decoration: underline;\"><strong>Direcci\u00f3n<\/strong><\/span>: Room 307, 3rd Floor, No.3 Shizaigang, Zhongcun Street, Panyu District\u00a0<br \/>&#8211; <span style=\"text-decoration: underline;\"><strong>C\u00f3digo posta<\/strong><\/span>l: 511495<br \/>&#8211; <span style=\"text-decoration: underline;\"><strong>Pais:<\/strong><\/span> China<br \/>&#8211; <span style=\"text-decoration: underline;\"><strong>Ciudad: <\/strong><\/span>Guangzhou City<br \/>&#8211; <strong><span style=\"text-decoration: underline;\">Estado<\/span><\/strong>: Guangdong Province<br \/><strong>&#8211; <span style=\"text-decoration: underline;\">Atencion en Espa\u00f1ol<\/span><\/strong>: +5491170626584<br \/><strong>&#8211; <span style=\"text-decoration: underline;\">Atencion en Ingles<\/span>:<\/strong> +8618688907082<br \/>&#8211; <span style=\"text-decoration: underline;\"><strong>Atencion en Chino:<\/strong><\/span> +8613710807971 o <strong>hzc1966 WeChat<\/strong><br \/>&#8211; <span style=\"text-decoration: underline;\"><strong>QQ<\/strong><\/span>: 2364921949 <br \/>&#8211; <span style=\"text-decoration: underline;\"><strong>Horario de recepci\u00f3n<\/strong><\/span>: Lun a Vie de 09:00hs a 18:00hs.<\/p><\/div><div data-quickedit-field-id=\"node\/59\/field_office_desciption\/es\/full\">**Para env\u00edos mar\u00edtimos colocar MAR al final del nro. de casilla<\/div><div data-quickedit-field-id=\"node\/59\/field_office_desciption\/es\/full\">NOTIFICAR POR EMAIL A: <a href=\"mailto:operaciones@parway.com.py\">operaciones@parway.com.py<\/a><\/div>\t\t\t\t\t\t\t\t<\/div>\n\t\t\t\t<\/div>\n\t\t\t\t\t<\/div>\n\t\t<\/div>\n\t\t\t\t\t<\/div>\n\t\t<\/section>\n\t\t\t\t<section class=\"elementor-section elementor-top-section elementor-element elementor-element-087963a elementor-section-boxed elementor-section-height-default elementor-section-height-default sc_fly_static\" data-id=\"087963a\" data-element_type=\"section\">\n\t\t\t\t\t\t<div class=\"elementor-container elementor-column-gap-extended\">\n\t\t\t\t\t<div class=\"elementor-column elementor-col-50 elementor-top-column elementor-element elementor-element-497bb33 sc_inner_width_none sc_content_align_inherit sc_layouts_column_icons_position_left sc_fly_static\" data-id=\"497bb33\" data-element_type=\"column\">\n\t\t\t<div class=\"elementor-widget-wrap elementor-element-populated\">\n\t\t\t\t\t\t<div class=\"elementor-element elementor-element-85317df sc_fly_static elementor-widget elementor-widget-image\" data-id=\"85317df\" data-element_type=\"widget\" data-widget_type=\"image.default\">\n\t\t\t\t<div class=\"elementor-widget-container\">\n\t\t\t\t\t\t\t\t\t\t\t\t\t\t\t<img loading=\"lazy\" decoding=\"async\" width=\"1024\" height=\"576\" src=\"https:\/\/parway.com.py\/cargo\/wp-content\/uploads\/2023\/07\/OFICINA-USA-4-1024x576.png\" class=\"attachment-large size-large wp-image-25861\" alt=\"\" srcset=\"https:\/\/parway.com.py\/cargo\/wp-content\/uploads\/2023\/07\/OFICINA-USA-4-1024x576.png 1024w, https:\/\/parway.com.py\/cargo\/wp-content\/uploads\/2023\/07\/OFICINA-USA-4-300x169.png 300w, https:\/\/parway.com.py\/cargo\/wp-content\/uploads\/2023\/07\/OFICINA-USA-4-768x432.png 768w, https:\/\/parway.com.py\/cargo\/wp-content\/uploads\/2023\/07\/OFICINA-USA-4-370x208.png 370w, https:\/\/parway.com.py\/cargo\/wp-content\/uploads\/2023\/07\/OFICINA-USA-4-1290x725.png 1290w, https:\/\/parway.com.py\/cargo\/wp-content\/uploads\/2023\/07\/OFICINA-USA-4-840x472.png 840w, https:\/\/parway.com.py\/cargo\/wp-content\/uploads\/2023\/07\/OFICINA-USA-4-410x231.png 410w, https:\/\/parway.com.py\/cargo\/wp-content\/uploads\/2023\/07\/OFICINA-USA-4-270x152.png 270w, https:\/\/parway.com.py\/cargo\/wp-content\/uploads\/2023\/07\/OFICINA-USA-4.png 1366w\" sizes=\"(max-width: 1024px) 100vw, 1024px\" \/>\t\t\t\t\t\t\t\t\t\t\t\t\t\t\t<\/div>\n\t\t\t\t<\/div>\n\t\t\t\t<div class=\"elementor-element elementor-element-df8511f sc_fly_static elementor-widget elementor-widget-text-editor\" data-id=\"df8511f\" data-element_type=\"widget\" data-widget_type=\"text-editor.default\">\n\t\t\t\t<div class=\"elementor-widget-container\">\n\t\t\t\t\t\t\t\t\t<div class=\"field field--name-field-office-address field--type-string field--label-inline quickedit-field\" data-quickedit-field-id=\"node\/59\/field_office_address\/es\/full\">\n<p>&#8211; <span style=\"text-decoration: underline;\"><strong>Direcci\u00f3n<\/strong><\/span>: Rua Quatro m\u00e1rtires<br>&#8211; <span style=\"text-decoration: underline;\"><strong>Nro.<\/strong><\/span>: 350<br>&#8211; <span style=\"text-decoration: underline;\"><strong>C\u00f3digo posta<\/strong><\/span>l: 85980-148<br>&#8211; <span style=\"text-decoration: underline;\"><strong>Pais:<\/strong><\/span> Brasil<br>&#8211; <span style=\"text-decoration: underline;\"><strong>Ciudad:<\/strong><\/span> Guaira | <span style=\"text-decoration: underline;\"><strong>Barrio<\/strong><\/span>: Guaira<br>&#8211; <strong><span style=\"text-decoration: underline;\">Estado<\/span><\/strong>: Parana<br>&#8211; <strong><span style=\"text-decoration: underline;\">Tel\u00e9fono<\/span><\/strong>: Solicitar al SAC.<\/p>\n<\/div>\t\t\t\t\t\t\t\t<\/div>\n\t\t\t\t<\/div>\n\t\t\t\t\t<\/div>\n\t\t<\/div>\n\t\t\t\t<div class=\"elementor-column elementor-col-50 elementor-top-column elementor-element elementor-element-99da377 sc_inner_width_none sc_content_align_inherit sc_layouts_column_icons_position_left sc_fly_static\" data-id=\"99da377\" data-element_type=\"column\">\n\t\t\t<div class=\"elementor-widget-wrap elementor-element-populated\">\n\t\t\t\t\t\t<div class=\"elementor-element elementor-element-97f35c2 sc_fly_static elementor-widget elementor-widget-image\" data-id=\"97f35c2\" data-element_type=\"widget\" data-widget_type=\"image.default\">\n\t\t\t\t<div class=\"elementor-widget-container\">\n\t\t\t\t\t\t\t\t\t\t\t\t\t\t\t<img loading=\"lazy\" decoding=\"async\" width=\"1024\" height=\"576\" src=\"https:\/\/parway.com.py\/cargo\/wp-content\/uploads\/2023\/07\/OFICINA-USA-3-1024x576.png\" class=\"attachment-large size-large wp-image-25862\" alt=\"\" srcset=\"https:\/\/parway.com.py\/cargo\/wp-content\/uploads\/2023\/07\/OFICINA-USA-3-1024x576.png 1024w, https:\/\/parway.com.py\/cargo\/wp-content\/uploads\/2023\/07\/OFICINA-USA-3-300x169.png 300w, https:\/\/parway.com.py\/cargo\/wp-content\/uploads\/2023\/07\/OFICINA-USA-3-768x432.png 768w, https:\/\/parway.com.py\/cargo\/wp-content\/uploads\/2023\/07\/OFICINA-USA-3-370x208.png 370w, https:\/\/parway.com.py\/cargo\/wp-content\/uploads\/2023\/07\/OFICINA-USA-3-1290x725.png 1290w, https:\/\/parway.com.py\/cargo\/wp-content\/uploads\/2023\/07\/OFICINA-USA-3-840x472.png 840w, https:\/\/parway.com.py\/cargo\/wp-content\/uploads\/2023\/07\/OFICINA-USA-3-410x231.png 410w, https:\/\/parway.com.py\/cargo\/wp-content\/uploads\/2023\/07\/OFICINA-USA-3-270x152.png 270w, https:\/\/parway.com.py\/cargo\/wp-content\/uploads\/2023\/07\/OFICINA-USA-3.png 1366w\" sizes=\"(max-width: 1024px) 100vw, 1024px\" \/>\t\t\t\t\t\t\t\t\t\t\t\t\t\t\t<\/div>\n\t\t\t\t<\/div>\n\t\t\t\t<div class=\"elementor-element elementor-element-7f10562 sc_fly_static elementor-widget elementor-widget-text-editor\" data-id=\"7f10562\" data-element_type=\"widget\" data-widget_type=\"text-editor.default\">\n\t\t\t\t<div class=\"elementor-widget-container\">\n\t\t\t\t\t\t\t\t\t<div class=\"field field--name-field-office-address field--type-string field--label-inline quickedit-field\" data-quickedit-field-id=\"node\/59\/field_office_address\/es\/full\"><p>&#8211; <span style=\"text-decoration: underline;\"><strong>Direcci\u00f3n<\/strong><\/span>: California 1456<br \/>&#8211; <span style=\"text-decoration: underline;\"><strong>Barrio<\/strong><\/span>: Barracas<br \/>&#8211; <span style=\"text-decoration: underline;\"><strong>C\u00f3digo posta<\/strong><\/span>l: 1289<br \/>&#8211; <span style=\"text-decoration: underline;\"><strong>Pais:<\/strong><\/span> Argentina<br \/>&#8211; <span style=\"text-decoration: underline;\"><strong>Ciudad:<\/strong><\/span> Ciudad Aut\u00f3noma de Buenos Aires<br \/>&#8211; <strong><span style=\"text-decoration: underline;\">Tel\u00e9fono<\/span><\/strong>: +54 9 11 3014 6303 | +54 9 11 60431337<br \/>&#8211; <span style=\"text-decoration: underline;\"><strong>Horario de recepci\u00f3n<\/strong><\/span>: Lun a Vier 09.00 a 18.00 hs.<br \/>Solo para recibir los env\u00edos Argentina &#8211; PY.<br \/><strong>No disponible para atenci\u00f3n al cliente o retiro de paquetes.<\/strong><\/p><\/div>\t\t\t\t\t\t\t\t<\/div>\n\t\t\t\t<\/div>\n\t\t\t\t\t<\/div>\n\t\t<\/div>\n\t\t\t\t\t<\/div>\n\t\t<\/section>\n\t\t\t\t<section class=\"elementor-section elementor-top-section elementor-element elementor-element-fe16846 elementor-section-boxed elementor-section-height-default elementor-section-height-default sc_fly_static\" data-id=\"fe16846\" data-element_type=\"section\">\n\t\t\t\t\t\t<div class=\"elementor-container elementor-column-gap-extended\">\n\t\t\t\t\t<div class=\"elementor-column elementor-col-100 elementor-top-column elementor-element elementor-element-0b3c4b6 sc_inner_width_none sc_content_align_inherit sc_layouts_column_icons_position_left sc_fly_static\" data-id=\"0b3c4b6\" data-element_type=\"column\">\n\t\t\t<div class=\"elementor-widget-wrap elementor-element-populated\">\n\t\t\t\t\t\t<div class=\"elementor-element elementor-element-04f34b1 sc_fly_static elementor-widget elementor-widget-spacer\" data-id=\"04f34b1\" data-element_type=\"widget\" data-widget_type=\"spacer.default\">\n\t\t\t\t<div class=\"elementor-widget-container\">\n\t\t\t\t\t\t\t<div class=\"elementor-spacer\">\n\t\t\t<div class=\"elementor-spacer-inner\"><\/div>\n\t\t<\/div>\n\t\t\t\t\t\t<\/div>\n\t\t\t\t<\/div>\n\t\t\t\t<div class=\"elementor-element elementor-element-72ca042 sc_fly_static elementor-widget elementor-widget-text-editor\" data-id=\"72ca042\" data-element_type=\"widget\" data-widget_type=\"text-editor.default\">\n\t\t\t\t<div class=\"elementor-widget-container\">\n\t\t\t\t\t\t\t\t\t<h4 style=\"text-align: center;\"><strong><img loading=\"lazy\" decoding=\"async\" class=\"alignnone wp-image-25628\" src=\"https:\/\/parway.com.py\/cargo\/wp-content\/uploads\/2023\/06\/pngegg-1-300x297.png\" alt=\"\" width=\"25\" height=\"25\" srcset=\"https:\/\/parway.com.py\/cargo\/wp-content\/uploads\/2023\/06\/pngegg-1-300x297.png 300w, https:\/\/parway.com.py\/cargo\/wp-content\/uploads\/2023\/06\/pngegg-1-150x150.png 150w, https:\/\/parway.com.py\/cargo\/wp-content\/uploads\/2023\/06\/pngegg-1-370x370.png 370w, https:\/\/parway.com.py\/cargo\/wp-content\/uploads\/2023\/06\/pngegg-1-120x120.png 120w, https:\/\/parway.com.py\/cargo\/wp-content\/uploads\/2023\/06\/pngegg-1-410x406.png 410w, https:\/\/parway.com.py\/cargo\/wp-content\/uploads\/2023\/06\/pngegg-1.png 659w\" sizes=\"(max-width: 25px) 100vw, 25px\" \/>\u00a0<\/strong><strong>Si tu proveedor te\u00a0solicita la direcci\u00f3n de China en Chino, te dejamos aqu\u00ed la informaci\u00f3n:<\/strong><\/h4>\t\t\t\t\t\t\t\t<\/div>\n\t\t\t\t<\/div>\n\t\t\t\t<div class=\"elementor-element elementor-element-0ca4528 sc_fly_static elementor-widget elementor-widget-text-editor\" data-id=\"0ca4528\" data-element_type=\"widget\" data-widget_type=\"text-editor.default\">\n\t\t\t\t<div class=\"elementor-widget-container\">\n\t\t\t\t\t\t\t\t\t<p>\u5e7f\u5dde\u5e02\u756a\u79ba\u533a\u949f\u6751\u8857\u9053\u77f3\u4ed4\u5c973\u53f73\u697c307\u623f.<\/p><p>\u90ae\u653f\u7f16\u7801\uff1a511495<\/p><p>\u56fd\u5bb6\uff1a\u4e2d\u56fd<\/p><p>\u57ce\u5e02\uff1a\u5e7f\u5dde\u5e02<\/p><p>\u90e8\u95e8\/\u7701\u4efd\uff1a\u5e7f\u4e1c\u7701<\/p><p>\u897f\u73ed\u7259\u6587\u6ce8\u610f\uff1a+54 911 7062 6584 |\u82f1\u8a9e\u652f\u63f4\uff1a+8618688907082 |\u4e2d\u6587\u652f\u63f4 +8613710807971 \u6216 hzc1966 \u5fae\u4fe1 &#8211; \u5728<\/p><p>\u7535\u8bdd\/\u624b\u673a\uff1a+86 18688907082 \u65f6\u95f4\uff1a\u661f\u671f\u4e00\u81f3\u661f\u671f\u4e94\u4e0a\u534809:00 \u4e0b\u53486:00 QQ\uff1a2364921949 **\u6d77\u4e0a\u8fd0\u8f93\u5bf9\u4e8e\u6d77\u4e0a\u8fd0\u8f93\uff0c\u5fc5\u987b\u5728\u5305\u88c5\u76d2\u4e0a\u5199\u4e0aMAR\u4e00\u8bcd\uff0c<wbr \/>\u5e76\u4e14\u5fc5\u987b\u5c06\u5176\u544a\u77e5\u7535\u5b50\u90ae\u4ef6\u81f3 carga@parway.com.py\uff08\u5305\u88f9\u5230\u8fbe\u6211\u4eec\u7684\u529e\u516c\u5ba4\u4e4b\u524d\uff09<\/p>\t\t\t\t\t\t\t\t<\/div>\n\t\t\t\t<\/div>\n\t\t\t\t\t<\/div>\n\t\t<\/div>\n\t\t\t\t\t<\/div>\n\t\t<\/section>\n\t\t\t\t<\/div>\n\t\t","protected":false},"excerpt":{"rendered":"<p>&#8211; Direcci\u00f3n: 8423 NW 74Th Street(Indica siempre tu numero de casilla)&#8211; C\u00f3digo postal: 33195&#8211; Pais: Estados Unidos&#8211; Ciudad: DORAL (Algunos sitios toman la ciudad como MIAMI)&#8211; Estado: FLORIDA&#8211; Tel\u00e9fono: +1&hellip;<\/p>\n","protected":false},"author":2,"featured_media":0,"parent":0,"menu_order":0,"comment_status":"closed","ping_status":"closed","template":"","meta":{"footnotes":""},"class_list":["post-25848","page","type-page","status-publish","hentry"],"_links":{"self":[{"href":"https:\/\/parway.com.py\/cargo\/wp-json\/wp\/v2\/pages\/25848","targetHints":{"allow":["GET"]}}],"collection":[{"href":"https:\/\/parway.com.py\/cargo\/wp-json\/wp\/v2\/pages"}],"about":[{"href":"https:\/\/parway.com.py\/cargo\/wp-json\/wp\/v2\/types\/page"}],"author":[{"embeddable":true,"href":"https:\/\/parway.com.py\/cargo\/wp-json\/wp\/v2\/users\/2"}],"replies":[{"embeddable":true,"href":"https:\/\/parway.com.py\/cargo\/wp-json\/wp\/v2\/comments?post=25848"}],"version-history":[{"count":58,"href":"https:\/\/parway.com.py\/cargo\/wp-json\/wp\/v2\/pages\/25848\/revisions"}],"predecessor-version":[{"id":26075,"href":"https:\/\/parway.com.py\/cargo\/wp-json\/wp\/v2\/pages\/25848\/revisions\/26075"}],"wp:attachment":[{"href":"https:\/\/parway.com.py\/cargo\/wp-json\/wp\/v2\/media?parent=25848"}],"curies":[{"name":"wp","href":"https:\/\/api.w.org\/{rel}","templated":true}]}}